{"id":84,"date":"2019-01-23T13:20:21","date_gmt":"2019-01-23T13:20:21","guid":{"rendered":"http:\/\/morevitalityve.com\/?product=green-soil-lotus"},"modified":"2026-04-02T10:55:36","modified_gmt":"2026-04-02T10:55:36","slug":"green-soil-lotus","status":"publish","type":"product","link":"http:\/\/morevitalityve.com\/?product=green-soil-lotus","title":{"rendered":"Thorne  &#8211; Probi\u00f3tico Sacro-B"},"content":{"rendered":"<h3 id=\"title\" class=\"a-size-large a-spacing-none\"><span id=\"productTitle\" class=\"a-size-large product-title-word-break\">Thorne Research &#8211; Probi\u00f3tico Sacro-B &#8211; Mejora la funci\u00f3n inmunol\u00f3gica en el intestino &#8211; 60 c\u00e1psulas<\/span><\/h3>\n","protected":false},"excerpt":{"rendered":"<h1 class=\"a-size-base-plus a-text-bold\">Sobre este art\u00edculo<\/h1>\n<ul class=\"a-unordered-list a-vertical a-spacing-mini\">\n<li><span class=\"a-list-item\">Probi\u00f3tico: apoya el crecimiento de la flora intestinal beneficiosa*<\/span><\/li>\n<li><span class=\"a-list-item\">Funci\u00f3n inmunol\u00f3gica: apoya la funci\u00f3n inmune en el intestino*<\/span><\/li>\n<li><span class=\"a-list-item\">GI Tract: aumenta la IgA secretora, la primera l\u00ednea de defensa del cuerpo en el tracto GI*<\/span><\/li>\n<li><span class=\"a-list-item\">Diarrea: \u00fatil para diarrea ocasional*<\/span><\/li>\n<li><span class=\"a-list-item\">Libre de: cada producto Thorne est\u00e1 hecho con los ingredientes m\u00e1s puros posibles, sin gluten u otros al\u00e9rgenos importantes (huevos, nueces de \u00e1rbol, cacahuetes). Este producto tampoco contiene soja, l\u00e1cteos, levadura, mariscos o pescado.<\/span><\/li>\n<\/ul>\n","protected":false},"featured_media":2131,"comment_status":"open","ping_status":"closed","template":"","meta":{"om_disable_all_campaigns":false,"_monsterinsights_skip_tracking":false,"_monsterinsights_sitenote_active":false,"_monsterinsights_sitenote_note":"","_monsterinsights_sitenote_category":0,"site-sidebar-layout":"default","site-content-layout":"default","ast-global-header-display":"","ast-main-header-display":"","ast-hfb-above-header-display":"","ast-hfb-below-header-display":"","ast-hfb-mobile-header-display":"","site-post-title":"","ast-breadcrumbs-content":"","ast-featured-img":"","footer-sml-layout":"","theme-transparent-header-meta":"default","adv-header-id-meta":"","stick-header-meta":"","header-above-stick-meta":"","header-main-stick-meta":"","header-below-stick-meta":""},"product_cat":[29],"product_tag":[],"_links":{"self":[{"href":"http:\/\/morevitalityve.com\/index.php?rest_route=\/wp\/v2\/product\/84"}],"collection":[{"href":"http:\/\/morevitalityve.com\/index.php?rest_route=\/wp\/v2\/product"}],"about":[{"href":"http:\/\/morevitalityve.com\/index.php?rest_route=\/wp\/v2\/types\/product"}],"replies":[{"embeddable":true,"href":"http:\/\/morevitalityve.com\/index.php?rest_route=%2Fwp%2Fv2%2Fcomments&post=84"}],"wp:featuredmedia":[{"embeddable":true,"href":"http:\/\/morevitalityve.com\/index.php?rest_route=\/wp\/v2\/media\/2131"}],"wp:attachment":[{"href":"http:\/\/morevitalityve.com\/index.php?rest_route=%2Fwp%2Fv2%2Fmedia&parent=84"}],"wp:term":[{"taxonomy":"product_cat","embeddable":true,"href":"http:\/\/morevitalityve.com\/index.php?rest_route=%2Fwp%2Fv2%2Fproduct_cat&post=84"},{"taxonomy":"product_tag","embeddable":true,"href":"http:\/\/morevitalityve.com\/index.php?rest_route=%2Fwp%2Fv2%2Fproduct_tag&post=84"}],"curies":[{"name":"wp","href":"https:\/\/api.w.org\/{rel}","templated":true}]}}